e the remainder when y is divided by h.
16
Calculate the remainder when 1596 is divided by 148 + (-2 + 4)/(13 - 14).
136
Calculate the remainder when 397 is divided by (-25)/(3500/168) + (-1)/((-5)/661).
4
Let q(a) = 28*a**3 - 2*a**2 - a + 12. Calculate the remainder when q(2) is divided by 35.
16
Let w = 4755 - 4730. What is the remainder when 318 is divided by w?
18
Let s(j) = 29*j**2 - 111*j + 10. What is the remainder when 268 + (2/(-1) - -1) is divided by s(4)?
27
Suppose -25*q + 22*q = c - 179, -q - 5*c = -83. Calculate the remainder when 1238 is divided by q.
20
Suppose 5*j - 213 = 37. Suppose 0 = 12*b - 13*b - 3*b. Suppose 4*s - 3*t - 48 = b, s + 2*t = -0*s + 1. What is the remainder when j is divided by s?
5
Let y be -2 + (1 - (1 - 9*65)). Suppose 5*p - 5*s - y + 163 = 0, -p - 4*s + 79 = 0. Calculate the remainder when p is divided by (-34)/(-51) - ((-43)/3 - -1).
13
Let k = 5062 - 2759. What is the remainder when k is divided by 70?
63
Let n = -405 - -17. What is the remainder when (1 + -22)/(n/(-80) + -5) is divided by 71?
69
Suppose -37*i + 780 + 626 = 0. Suppose -77 = -5*f - u, -f + 2 = 5*u + 1. Calculate the remainder when i is divided by f.
6
Suppose 13*p - 274 = 116. Suppose 0 = -22*w + 158 + 84. What is the remainder when p is divided by w?
8
Suppose 12*n - 295 = 65. Suppose -x = -n - 76. What is the remainder when x is divided by 12?
10
Suppose -2*l + 4*d = 22, 3*l + 5*d + 41 = 7*d. Let q = l + 32. Suppose 2*p - 30 = -p. What is the remainder when q is divided by p?
7
Let m(d) = 36 - 2*d + 15*d**2 + 18 + d + d**3 - 37. What is the remainder when 34 is divided by m(-15)?
2
Let h = 347 + 1284. Calculate the remainder when h is divided by 126.
119
Suppose 4*u + c + 3*c - 1012 = 0, -u + 4*c + 238 = 0. What is the remainder when u is divided by (-4 - 5/(-2))*(-20)/45*21?
12
Let b(l) = -l**2 - 14*l + 17. Let x be b(-12). Let w = x + -38. Suppose f + 0*t = 5*t + 25, w*f + t - 27 = 0. What is the remainder when 17 is divided by f?
7
Suppose 70*v + v + 1024 - 4432 = 0. Calculate the remainder when 241 is divided by v.
1
Suppose -113 = -4*o - 3*f + 148, 0 = 5*o - f - 350. Let x be 18/8 - 38/152. What is the remainder when o is divided by (50 + 4)/(3/x)?
33
Suppose 2078 = 42*m + 104. Calculate the remainder when 1263 is divided by m.
41
Let w = 570 + -333. Let v = w - 103. Calculate the remainder when v is divided by 41.
11
Calculate the remainder when 1435 is divided by (-1535)/(-40) + 14/(1344/(-36)).
29
Let h = 83 - 79. Let a be (-8)/h*-2 - (3 - 10). Suppose 19*u - 122 = a. What is the remainder when 10 is divided by u?
3
Let m(d) = 18*d + 222. Let l be m(-12). Suppose -4*q - 3*h = -l*q + 79, -3*q + 144 = 4*h. What is the remainder when q is divided by 23?
21
Suppose -2*k + 6832 = -10*l + 6*l, -4*k + 13724 = 2*l. What is the remainder when k is divided by 312?
308
Let b = -185 - -202. Let g = -147 - -157. What is the remainder when b is divided by g?
7
Suppose -820 = -3*f + 4*n, 2*f = -4*n + 60 + 460. What is the remainder when f is divided by 90?
88
Let d(x) = x**2 - 4*x - 3. Let i be d(5). What is the remainder when ((-492)/(-18))/(i*4/12) is divided by 16?
9
Let x = 6 + 10. Suppose -2*y = -3*y + x. Suppose 205*s - 11398 + 4529 - 6046 = 0. Calculate the remainder when s is divided by y.
15
Suppose -6*t - 32 = -146. What is the remainder when 390 is divided by t?
10
Let p be ((-90)/(-4))/(1/(-10)). Let x = p - -260. Calculate the remainder when 53 is divided by x.
18
Suppose -5*s - 88 + 149 = 3*h, 3*h - 5 = -s. What is the remainder when 32044 is divided by s?
12
Calculate the remainder when 573 is divided by -12*(-5)/(-6)*(-1722)/140.
81
Let i(s) = 36*s - 2013. Calculate the remainder when 803 is divided by i(59).
26
What is the remainder when 2848 is divided by (-484)/(-44) + 20/1?
27
What is the remainder when 467 is divided by (5 + (-7)/(-49))/((-20)/(-70))?
17
Suppose -45 = 113*g - 98*g. What is the remainder when 47 is divided by g*3/9*-14?
5
Let k(h) = 88*h**2 - 3*h + 3. What is the remainder when k(2) is divided by (0 - (-2632)/60) + (-12)/(-90)?
41
Let f = 160 - 167. Let g(v) = -v**2 - 3*v + 36. Calculate the remainder when 25 is divided by g(f).
1
Let z(i) = i - 11. Let w be z(9). Let s(m) = 2*m**2 + 2*m + 1. Suppose 10*v - 290 + 58 = -48*v. What is the remainder when s(w) is divided by v?
1
Let v(n) = n**3 - 14*n**2 - 190*n + 38. What is the remainder when v(23) is divided by 90?
69
Let d = 213 + -92. Let c be -3 + 2 + (-2)/(-1) + 4. Suppose -4*f = -2*m - 104, -3*m = c*f - m - d. Calculate the remainder when 69 is divided by f.
19
Suppose -3*z - 65 = 3*v + 70, 5*v = 5*z - 265. Let h = v - -11. Let a = 52 + h. What is the remainder when a is divided by 3?
2
Let m(v) = -v**2 + 9*v - 12. Let s be m(7). Suppose 16*c - 14*c = 46. What is the remainder when c is divided by (-1)/(0 - 2/13)*s?
10
Calculate the remainder when (-5829)/(-15) - (-186)/(-310) is divided by 39.
37
Let k be 334/8 + (-8)/(-32). Let r = -12 + k. What is the remainder when 149 is divided by r?
29
Let a = 8 - -107. Let r(q) be the first derivative of -5*q**2/2 - 6*q - 11. What is the remainder when a is divided by r(-7)?
28
Let l(v) = v + 536. What is the remainder when l(24) is divided by 80?
0
Let h(v) = 6*v**2. Let o be h(-1). Suppose 3*s + 930 = o*s. Let g = 463 - s. What is the remainder when g is divided by 12?
9
Suppose 48*v - 3735 - 1161 = 0. Calculate the remainder when v is divided by 16.
6
Let c = -1082 + 1121. Let l = 15 - -32. Let h = -33 + l. Calculate the remainder when c is divided by h.
11
Suppose 1143*w = 1132*w + 363. Calculate the remainder when 91 is divided by w.
25
Suppose -8 = l - 3*l. Let w(s) = -s**2 + 6*s + 8. Let x be w(l). Suppose x*r + 275 = 21*r. Calculate the remainder when r is divided by 8.
7
Suppose -22*l = -25*l - 345. Let x = -108 - l. Suppose -360 = -x*n - 2*n. What is the remainder when n is divided by 22?
18
Let q = 961 + 279. Suppose q = 4*n + 2*v, -6*n - 5*v + 916 = -3*n. What is the remainder when n is divided by 15?
12
Suppose 0 = -4*m + 3*h - 4 - 3, -5*h = -4*m - 17. Suppose -i - 4*p + p = 4, m*i + 5*p = -5. Calculate the remainder when 31 is divided by (-7)/((-7)/4) - -1*i.
4
Suppose 5*n + 3*r - 24 = 0, -58 - 3 = -6*n + r. Calculate the remainder when 826 is divided by n.
7
Suppose o = -7*o + 80. Suppose -15*k + 10*k + o = 0. Suppose -363 = -9*w - k*w. What is the remainder when w is divided by 9?
6
Let k(m) = 46*m - 2. Suppose 4*r - 1 - 3 = 0. Suppose -94*t + 106*t = 156. What is the remainder when k(r) is divided by t?
5
Suppose 2*b = 5*g - 155, 2*b - 37 = 2*g - 105. Let o be (113/(-6))/(9/(-36))*3. Let r = -82 + o. What is the remainder when r is divided by g?
28
Suppose -j = -5*m - 186, -56*j + 61*j - 1068 = 2*m. Calculate the remainder when j is divided by 139.
77
Suppose 2274*y - 2275*y = -4. What is the remainder when 935 is divided by y?
3
Let d = 511 - 529. Let x = d - -45. Calculate the remainder when 69 is divided by x.
15
Let s be ((-20)/30)/(4/114). Let a = 60 + s. Let l = a - 33. What is the remainder when 23 is divided by l?
7
Suppose -1274 + 386 = -11*a + 1004. Calculate the remainder when a is divided by 14.
4
Let k = 3184 - 2958. What is the remainder when k is divided by 163?
63
Suppose 958*c = 1034*c - 2660. Calculate the remainder when c is divided by (0 - 2)/(1/(-2)).
3
Let s = 332 + -567. Let w = s + 287. What is the remainder when w is divided by 16?
4
Suppose -43*o = -58*o - 2220. What is the remainder when 479 is divided by o/(-10) + -1*(-5)/25?
14
Suppose 114*f = 309 + 238 + 137. Let a = -21 - -43. What is the remainder when a is divided by f?
4
Suppose -4*p + 142 = -2*r, -6*p + 2*p + 4*r = -136. Let i = p - 54. Let q = 2 - i. What is the remainder when q is divided by 5?
4
Let o(l) = l**2 - 7*l - 19. Let t be o(9). What is the remainder when 141 is divided by (2 - -20) + 4 + (-3 - t)?
21
Suppose -3*n = -2*y + 2223, -3*n + 3310 = 3*y - 4*n. What is the remainder when y is divided by 17?
13
Suppose 0 = -296*q + 1365474 - 531050. Calculate the remainder when q is divided by 98.
75
Let l be 23 + 1 + (9 - (3 - -10)). What is the remainder when 53 is divided by l + 5/10*-12?
11
Suppose g + 2*b - 3879 = 1430, -5*g - 3*b = -26524. Calculate the remainder when g is divided by 17.
16
Let t